{"id":40,"date":"2022-01-20T16:06:19","date_gmt":"2022-01-20T15:06:19","guid":{"rendered":"http:\/\/www.afirse-international.com\/?page_id=40"},"modified":"2022-08-30T14:43:42","modified_gmt":"2022-08-30T12:43:42","slug":"le-conseil-dadministration","status":"publish","type":"page","link":"https:\/\/www.afirse-international.com\/index.php\/association-francophone-et-internationale-de-recherche-scientifique-en-education\/qui-sommes-nous\/le-conseil-dadministration\/","title":{"rendered":"Le Conseil d&#8217;Administration"},"content":{"rendered":"\t\t<div data-elementor-type=\"wp-page\" data-elementor-id=\"40\" class=\"elementor elementor-40\">\n\t\t\t\t\t\t\t\t\t<section class=\"elementor-section elementor-top-section elementor-element elementor-element-3e0ad169 elementor-section-boxed elementor-section-height-default elementor-section-height-default\" data-id=\"3e0ad169\" data-element_type=\"section\">\n\t\t\t\t\t\t<div class=\"elementor-container elementor-column-gap-default\">\n\t\t\t\t\t<div class=\"elementor-column elementor-col-100 elementor-top-column elementor-element elementor-element-5e1175d9\" data-id=\"5e1175d9\" data-element_type=\"column\">\n\t\t\t<div class=\"elementor-widget-wrap elementor-element-populated\">\n\t\t\t\t\t\t\t\t<div class=\"elementor-element elementor-element-6c636ce5 elementor-widget elementor-widget-text-editor\" data-id=\"6c636ce5\" data-element_type=\"widget\" data-widget_type=\"text-editor.default\">\n\t\t\t\t<div class=\"elementor-widget-container\">\n\t\t\t<style>\/*! elementor - v3.7.4 - 31-08-2022 *\/\n.elementor-widget-text-editor.elementor-drop-cap-view-stacked .elementor-drop-cap{background-color:#818a91;color:#fff}.elementor-widget-text-editor.elementor-drop-cap-view-framed .elementor-drop-cap{color:#818a91;border:3px solid;background-color:transparent}.elementor-widget-text-editor:not(.elementor-drop-cap-view-default) .elementor-drop-cap{margin-top:8px}.elementor-widget-text-editor:not(.elementor-drop-cap-view-default) .elementor-drop-cap-letter{width:1em;height:1em}.elementor-widget-text-editor .elementor-drop-cap{float:left;text-align:center;line-height:1;font-size:50px}.elementor-widget-text-editor .elementor-drop-cap-letter{display:inline-block}<\/style>\t\t\t\t<p><!-- wp:paragraph --><\/p>\n<p><span style=\"color: #000000;\"><strong>Membres du CA de l\u2019AFIRSE \u00e9lus et membres de droit<\/strong><\/span><\/p>\n<p><span style=\"color: #000000;\"><!-- \/wp:paragraph --><!-- wp:paragraph --><\/span><\/p>\n<p><span style=\"color: #000000;\"><strong>Les membres \u00e9lus (AGE mars 2021)<\/strong><\/span><\/p>\n<p><span style=\"color: #000000;\"><!-- \/wp:paragraph --><!-- wp:paragraph --><\/span><\/p>\n<p><span style=\"color: #000000;\">V\u00e9ronique Attias-Delattre <strong>(France \u2013 Pr\u00e9sidente)<\/strong><\/span><\/p>\n<p><span style=\"color: #000000;\"><!-- \/wp:paragraph --><!-- wp:paragraph --><\/span><\/p>\n<p><span style=\"color: #000000;\">Marilene Corr\u00eaa Da Silva Freitas <strong>(Br\u00e9sil \u2013 Co-Pr\u00e9sidente)<\/strong><\/span><\/p>\n<p><span style=\"color: #000000;\"><!-- \/wp:paragraph --><!-- wp:paragraph --><\/span><\/p>\n<p><span style=\"color: #000000;\">Georges Nahas <strong>(Liban \u2013 Vice\u2013pr\u00e9sident)<\/strong><\/span><\/p>\n<p><span style=\"color: #000000;\"><!-- \/wp:paragraph --><!-- wp:paragraph --><\/span><\/p>\n<p><span style=\"color: #000000;\">Antonio Alanis Huerta <strong>(Mexique \u2013 Secr\u00e9taire g\u00e9n\u00e9ral)<\/strong><\/span><\/p>\n<p><span style=\"color: #000000;\"><!-- \/wp:paragraph --><!-- wp:paragraph --><\/span><\/p>\n<p><span style=\"color: #000000;\">Louis Marmoz <strong>(France &#8211; Pr\u00e9sident d\u2019honneur)<\/strong><\/span><\/p>\n<p><span style=\"color: #000000;\"><!-- \/wp:paragraph --><!-- wp:paragraph --><\/span><\/p>\n<p><span style=\"color: #000000;\">Catherine Nafti <strong>(France \u2013 Tr\u00e9sori\u00e8re)<\/strong><\/span><\/p>\n<p><span style=\"color: #000000;\"><!-- \/wp:paragraph --><!-- wp:separator {\"opacity\":\"css\"} --><\/span><\/p>\n<hr class=\"wp-block-separator has-css-opacity\">\n<p><span style=\"color: #000000;\"><!-- \/wp:separator --><!-- wp:paragraph --><\/span><\/p>\n<p><span style=\"color: #000000;\">Djenabou Bald\u00e9 <b>(Guin\u00e9e \u2013 Cameroun)<\/b><\/span><\/p>\n<p><span style=\"color: #000000;\"><!-- \/wp:paragraph --><!-- wp:paragraph --><\/span><\/p>\n<p><span style=\"color: #000000;\">Marlucia Barros Lopes Cabral <strong>(Br\u00e9sil)<\/strong><\/span><\/p>\n<p><span style=\"color: #000000;\"><!-- \/wp:paragraph --><!-- wp:paragraph --><\/span><\/p>\n<p><span style=\"color: #000000;\">Mohamed Boufalta Seifeddine <strong>(Canada)<\/strong><\/span><\/p>\n<p><span style=\"color: #000000;\"><!-- \/wp:paragraph --><!-- wp:paragraph --><\/span><\/p>\n<p><span style=\"color: #000000;\">Maria Jo\u00e3o Cardona <strong>(Portugal)<\/strong><\/span><\/p>\n<p><span style=\"color: #000000;\"><!-- \/wp:paragraph --><!-- wp:paragraph --><\/span><\/p>\n<p><span style=\"color: #000000;\">Kodila Tedika Oasis <strong>(RDC)<\/strong><\/span><\/p>\n<p><span style=\"color: #000000;\"><!-- \/wp:paragraph --><!-- wp:paragraph --><\/span><\/p>\n<p><span style=\"color: #000000;\">Salonilde Ferreira <b>(Br\u00e9sil)<\/b><\/span><\/p>\n<p><span style=\"color: #000000;\"><!-- \/wp:paragraph --><!-- wp:paragraph --><\/span><\/p>\n<p><span style=\"color: #000000;\">Eric Golhen<b> (France)<\/b><\/span><\/p>\n<p><span style=\"color: #000000;\"><!-- \/wp:paragraph --><!-- wp:paragraph --><\/span><\/p>\n<p><span style=\"color: #000000;\">Isabel Lopes da Silva Maria <b>(Portugal)<\/b><\/span><\/p>\n<p><span style=\"color: #000000;\"><!-- \/wp:paragraph --><!-- wp:paragraph --><\/span><\/p>\n<p><span style=\"color: #000000;\">Fernanda Moreira de Viveiros Kilza <b>(Br\u00e9sil)<\/b><\/span><\/p>\n<p><span style=\"color: #000000;\"><!-- \/wp:paragraph --><!-- wp:paragraph --><\/span><\/p>\n<p><span style=\"color: #000000;\">Urbain Ndigmbaye Reoular <b>(Tchad)<\/b><\/span><\/p>\n<p><span style=\"color: #000000;\"><!-- \/wp:paragraph --><!-- wp:paragraph --><\/span><\/p>\n<p><span style=\"color: #000000;\">Pascal Ndinga <b>(Canada)<\/b><\/span><\/p>\n<p><span style=\"color: #000000;\"><!-- \/wp:paragraph --><!-- wp:paragraph --><\/span><\/p>\n<p><span style=\"color: #000000;\">Wagner Paiva Ara\u00fajo <b>(Br\u00e9sil)<\/b><\/span><\/p>\n<p><span style=\"color: #000000;\"><!-- \/wp:paragraph --><!-- wp:paragraph --><\/span><\/p>\n<p><span style=\"color: #000000;\">Joao Pinhal <b>(Portugal)<\/b><\/span><\/p>\n<p><span style=\"color: #000000;\"><!-- \/wp:paragraph --><!-- wp:paragraph --><\/span><\/p>\n<p><span style=\"color: #000000;\">Fernando Sabiron <b>(Espagne)<\/b><\/span><\/p>\n<p><span style=\"color: #000000;\"><!-- \/wp:paragraph --><!-- wp:paragraph --><\/span><\/p>\n<p><span style=\"color: #000000;\">Ana Teresa Silva Soussa <b>(Br\u00e9sil)<\/b><\/span><\/p>\n<p><span style=\"color: #000000;\"><!-- \/wp:paragraph --><!-- wp:paragraph --><\/span><\/p>\n<p><span style=\"color: #000000;\">Jesus Maria Sousa <b>(Portugal)<\/b><\/span><\/p>\n<p><span style=\"color: #000000;\"><!-- \/wp:paragraph --><!-- wp:heading --><\/span><\/p>\n<h2><span style=\"color: #000000;\"><strong>Les membres de droit (Pr\u00e9sident.e de sections nationales)<\/strong><\/span><\/h2>\n<p><span style=\"color: #000000;\"><!-- \/wp:heading --><!-- wp:paragraph --><\/span><\/p>\n<p><span style=\"color: #000000;\">Florentin Azia<b> (RDC)<\/b><\/span><\/p>\n<p><span style=\"color: #000000;\"><!-- \/wp:paragraph --><!-- wp:paragraph --><\/span><\/p>\n<p><span style=\"color: #000000;\">Alfredo Berbegal V\u00e1zquez <b>(Espagne)<\/b><\/span><\/p>\n<p><span style=\"color: #000000;\"><!-- \/wp:paragraph --><!-- wp:paragraph --><\/span><\/p>\n<p><span style=\"color: #000000;\">Lise Bessette <b>(Canada)<\/b><\/span><\/p>\n<p><span style=\"color: #000000;\"><!-- \/wp:paragraph --><!-- wp:paragraph --><\/span><\/p>\n<p><span style=\"color: #000000;\">Carmen Cavaco <b>(Portugal)<\/b><\/span><\/p>\n<p><span style=\"color: #000000;\"><!-- \/wp:paragraph --><!-- wp:paragraph --><\/span><\/p>\n<p><span style=\"color: #000000;\">Patricia Ducoing-Watty <b>(Mexique)<\/b><\/span><\/p>\n<p><span style=\"color: #000000;\"><!-- \/wp:paragraph --><!-- wp:paragraph --><\/span><\/p>\n<p><span style=\"color: #000000;\">Innocent Fozing <b>(Cameroun)<\/b><\/span><\/p>\n<p><span style=\"color: #000000;\"><!-- \/wp:paragraph --><!-- wp:paragraph --><\/span><\/p>\n<p><span style=\"color: #000000;\">Ivana lbiapina <b>(Br\u00e9sil)<\/b><\/span><\/p>\n<p><span style=\"color: #000000;\"><!-- \/wp:paragraph --><!-- wp:paragraph --><\/span><\/p>\n<p><span style=\"color: #000000;\">Aubin Nestor Loumouamou <b>(Congo)&nbsp;<\/b><\/span><\/p>\n<p><span style=\"color: #000000;\"><!-- \/wp:paragraph --><!-- wp:paragraph --><\/span><\/p>\n<p><span style=\"color: #000000;\">Jean-Claude Sallaberry <b>(France)<\/b><\/span><\/p>\n<p><span style=\"color: #000000;\"><!-- \/wp:paragraph --><!-- wp:paragraph --><\/span><\/p>\n<p><\/p>\n<p><span style=\"color: #000000;\"><!-- \/wp:paragraph --><!-- wp:heading --><\/span><\/p>\n<h2><span style=\"color: #000000;\"><strong>Les membres de droit (anciens pr\u00e9sidents de l\u2019AFIRSE)<\/strong><\/span><\/h2>\n<p><span style=\"color: #000000;\"><!-- \/wp:heading --><!-- wp:paragraph --><\/span><\/p>\n<p><span style=\"color: #000000;\">Guy Berger <b>(ancien pr\u00e9sident &#8211; membre de la section fran\u00e7aise)&nbsp;<\/b><\/span><\/p>\n<p><span style=\"color: #000000;\"><!-- \/wp:paragraph --><!-- wp:paragraph --><\/span><\/p>\n<p><span style=\"color: #000000;\">Patrick Boumard <b>(ancien pr\u00e9sident)<\/b><\/span><\/p>\n<p><span style=\"color: #000000;\"><!-- \/wp:paragraph --><!-- wp:paragraph --><\/span><\/p>\n<p><span style=\"color: #000000;\">Louis Marmoz <b>(ancien pr\u00e9sident)<\/b><\/span><\/p>\n<p><!-- \/wp:paragraph --><\/p>\t\t\t\t\t\t<\/div>\n\t\t\t\t<\/div>\n\t\t\t\t\t<\/div>\n\t\t<\/div>\n\t\t\t\t\t\t\t<\/div>\n\t\t<\/section>\n\t\t\t\t\t\t\t<\/div>\n\t\t","protected":false},"excerpt":{"rendered":"<p>Membres du CA de l\u2019AFIRSE \u00e9lus et membres de droit Les membres \u00e9lus (AGE mars 2021) V\u00e9ronique Attias-Delattre (France \u2013 Pr\u00e9sidente) Marilene Corr\u00eaa Da Silva Freitas (Br\u00e9sil \u2013 Co-Pr\u00e9sidente) Georges Nahas (Liban \u2013 Vice\u2013pr\u00e9sident) Antonio Alanis Huerta (Mexique \u2013 Secr\u00e9taire g\u00e9n\u00e9ral) Louis Marmoz (France &#8211; Pr\u00e9sident d\u2019honneur) Catherine Nafti (France \u2013 Tr\u00e9sori\u00e8re) Djenabou Bald\u00e9 (Guin\u00e9e [&hellip;]<\/p>\n","protected":false},"author":1,"featured_media":0,"parent":32,"menu_order":3,"comment_status":"closed","ping_status":"closed","template":"","meta":[],"_links":{"self":[{"href":"https:\/\/www.afirse-international.com\/index.php\/wp-json\/wp\/v2\/pages\/40"}],"collection":[{"href":"https:\/\/www.afirse-international.com\/index.php\/wp-json\/wp\/v2\/pages"}],"about":[{"href":"https:\/\/www.afirse-international.com\/index.php\/wp-json\/wp\/v2\/types\/page"}],"author":[{"embeddable":true,"href":"https:\/\/www.afirse-international.com\/index.php\/wp-json\/wp\/v2\/users\/1"}],"replies":[{"embeddable":true,"href":"https:\/\/www.afirse-international.com\/index.php\/wp-json\/wp\/v2\/comments?post=40"}],"version-history":[{"count":11,"href":"https:\/\/www.afirse-international.com\/index.php\/wp-json\/wp\/v2\/pages\/40\/revisions"}],"predecessor-version":[{"id":644,"href":"https:\/\/www.afirse-international.com\/index.php\/wp-json\/wp\/v2\/pages\/40\/revisions\/644"}],"up":[{"embeddable":true,"href":"https:\/\/www.afirse-international.com\/index.php\/wp-json\/wp\/v2\/pages\/32"}],"wp:attachment":[{"href":"https:\/\/www.afirse-international.com\/index.php\/wp-json\/wp\/v2\/media?parent=40"}],"curies":[{"name":"wp","href":"https:\/\/api.w.org\/{rel}","templated":true}]}}

<div data-elementor-type="wp-page" data-elementor-id="40" class="elementor elementor-40">
									<section class="elementor-section elementor-top-section elementor-element elementor-element-3e0ad169 elementor-section-boxed elementor-section-height-default elementor-section-height-default" data-id="3e0ad169" data-element_type="section">
						<div class="elementor-container elementor-column-gap-default">
					<div class="elementor-column elementor-col-100 elementor-top-column elementor-element elementor-element-5e1175d9" data-id="5e1175d9" data-element_type="column">
			<div class="elementor-widget-wrap elementor-element-populated">
								<div class="elementor-element elementor-element-6c636ce5 elementor-widget elementor-widget-text-editor" data-id="6c636ce5" data-element_type="widget" data-widget_type="text-editor.default">
				<div class="elementor-widget-container">
			<style>/*! elementor - v3.7.4 - 31-08-2022 */
.elementor-widget-text-editor.elementor-drop-cap-view-stacked .elementor-drop-cap{background-color:#818a91;color:#fff}.elementor-widget-text-editor.elementor-drop-cap-view-framed .elementor-drop-cap{color:#818a91;border:3px solid;background-color:transparent}.elementor-widget-text-editor:not(.elementor-drop-cap-view-default) .elementor-drop-cap{margin-top:8px}.elementor-widget-text-editor:not(.elementor-drop-cap-view-default) .elementor-drop-cap-letter{width:1em;height:1em}.elementor-widget-text-editor .elementor-drop-cap{float:left;text-align:center;line-height:1;font-size:50px}.elementor-widget-text-editor .elementor-drop-cap-letter{display:inline-block}</style>				<p><!-- wp:paragraph --></p>
<p><span style="color: #000000;"><strong>Membres du CA de l’AFIRSE élus et membres de droit</strong></span></p>
<p><span style="color: #000000;"><!-- /wp:paragraph --><!-- wp:paragraph --></span></p>
<p><span style="color: #000000;"><strong>Les membres élus (AGE mars 2021)</strong></span></p>
<p><span style="color: #000000;"><!-- /wp:paragraph --><!-- wp:paragraph --></span></p>
<p><span style="color: #000000;">Véronique Attias-Delattre <strong>(France – Présidente)</strong></span></p>
<p><span style="color: #000000;"><!-- /wp:paragraph --><!-- wp:paragraph --></span></p>
<p><span style="color: #000000;">Marilene Corrêa Da Silva Freitas <strong>(Brésil – Co-Présidente)</strong></span></p>
<p><span style="color: #000000;"><!-- /wp:paragraph --><!-- wp:paragraph --></span></p>
<p><span style="color: #000000;">Georges Nahas <strong>(Liban – Vice–président)</strong></span></p>
<p><span style="color: #000000;"><!-- /wp:paragraph --><!-- wp:paragraph --></span></p>
<p><span style="color: #000000;">Antonio Alanis Huerta <strong>(Mexique – Secrétaire général)</strong></span></p>
<p><span style="color: #000000;"><!-- /wp:paragraph --><!-- wp:paragraph --></span></p>
<p><span style="color: #000000;">Louis Marmoz <strong>(France &#8211; Président d’honneur)</strong></span></p>
<p><span style="color: #000000;"><!-- /wp:paragraph --><!-- wp:paragraph --></span></p>
<p><span style="color: #000000;">Catherine Nafti <strong>(France – Trésorière)</strong></span></p>
<p><span style="color: #000000;"><!-- /wp:paragraph --><!-- wp:separator {"opacity":"css"} --></span></p>
<hr class="wp-block-separator has-css-opacity">
<p><span style="color: #000000;"><!-- /wp:separator --><!-- wp:paragraph --></span></p>
<p><span style="color: #000000;">Djenabou Baldé <b>(Guinée – Cameroun)</b></span></p>
<p><span style="color: #000000;"><!-- /wp:paragraph --><!-- wp:paragraph --></span></p>
<p><span style="color: #000000;">Marlucia Barros Lopes Cabral <strong>(Brésil)</strong></span></p>
<p><span style="color: #000000;"><!-- /wp:paragraph --><!-- wp:paragraph --></span></p>
<p><span style="color: #000000;">Mohamed Boufalta Seifeddine <strong>(Canada)</strong></span></p>
<p><span style="color: #000000;"><!-- /wp:paragraph --><!-- wp:paragraph --></span></p>
<p><span style="color: #000000;">Maria João Cardona <strong>(Portugal)</strong></span></p>
<p><span style="color: #000000;"><!-- /wp:paragraph --><!-- wp:paragraph --></span></p>
<p><span style="color: #000000;">Kodila Tedika Oasis <strong>(RDC)</strong></span></p>
<p><span style="color: #000000;"><!-- /wp:paragraph --><!-- wp:paragraph --></span></p>
<p><span style="color: #000000;">Salonilde Ferreira <b>(Brésil)</b></span></p>
<p><span style="color: #000000;"><!-- /wp:paragraph --><!-- wp:paragraph --></span></p>
<p><span style="color: #000000;">Eric Golhen<b> (France)</b></span></p>
<p><span style="color: #000000;"><!-- /wp:paragraph --><!-- wp:paragraph --></span></p>
<p><span style="color: #000000;">Isabel Lopes da Silva Maria <b>(Portugal)</b></span></p>
<p><span style="color: #000000;"><!-- /wp:paragraph --><!-- wp:paragraph --></span></p>
<p><span style="color: #000000;">Fernanda Moreira de Viveiros Kilza <b>(Brésil)</b></span></p>
<p><span style="color: #000000;"><!-- /wp:paragraph --><!-- wp:paragraph --></span></p>
<p><span style="color: #000000;">Urbain Ndigmbaye Reoular <b>(Tchad)</b></span></p>
<p><span style="color: #000000;"><!-- /wp:paragraph --><!-- wp:paragraph --></span></p>
<p><span style="color: #000000;">Pascal Ndinga <b>(Canada)</b></span></p>
<p><span style="color: #000000;"><!-- /wp:paragraph --><!-- wp:paragraph --></span></p>
<p><span style="color: #000000;">Wagner Paiva Araújo <b>(Brésil)</b></span></p>
<p><span style="color: #000000;"><!-- /wp:paragraph --><!-- wp:paragraph --></span></p>
<p><span style="color: #000000;">Joao Pinhal <b>(Portugal)</b></span></p>
<p><span style="color: #000000;"><!-- /wp:paragraph --><!-- wp:paragraph --></span></p>
<p><span style="color: #000000;">Fernando Sabiron <b>(Espagne)</b></span></p>
<p><span style="color: #000000;"><!-- /wp:paragraph --><!-- wp:paragraph --></span></p>
<p><span style="color: #000000;">Ana Teresa Silva Soussa <b>(Brésil)</b></span></p>
<p><span style="color: #000000;"><!-- /wp:paragraph --><!-- wp:paragraph --></span></p>
<p><span style="color: #000000;">Jesus Maria Sousa <b>(Portugal)</b></span></p>
<p><span style="color: #000000;"><!-- /wp:paragraph --><!-- wp:heading --></span></p>
<h2><span style="color: #000000;"><strong>Les membres de droit (Président.e de sections nationales)</strong></span></h2>
<p><span style="color: #000000;"><!-- /wp:heading --><!-- wp:paragraph --></span></p>
<p><span style="color: #000000;">Florentin Azia<b> (RDC)</b></span></p>
<p><span style="color: #000000;"><!-- /wp:paragraph --><!-- wp:paragraph --></span></p>
<p><span style="color: #000000;">Alfredo Berbegal Vázquez <b>(Espagne)</b></span></p>
<p><span style="color: #000000;"><!-- /wp:paragraph --><!-- wp:paragraph --></span></p>
<p><span style="color: #000000;">Lise Bessette <b>(Canada)</b></span></p>
<p><span style="color: #000000;"><!-- /wp:paragraph --><!-- wp:paragraph --></span></p>
<p><span style="color: #000000;">Carmen Cavaco <b>(Portugal)</b></span></p>
<p><span style="color: #000000;"><!-- /wp:paragraph --><!-- wp:paragraph --></span></p>
<p><span style="color: #000000;">Patricia Ducoing-Watty <b>(Mexique)</b></span></p>
<p><span style="color: #000000;"><!-- /wp:paragraph --><!-- wp:paragraph --></span></p>
<p><span style="color: #000000;">Innocent Fozing <b>(Cameroun)</b></span></p>
<p><span style="color: #000000;"><!-- /wp:paragraph --><!-- wp:paragraph --></span></p>
<p><span style="color: #000000;">Ivana lbiapina <b>(Brésil)</b></span></p>
<p><span style="color: #000000;"><!-- /wp:paragraph --><!-- wp:paragraph --></span></p>
<p><span style="color: #000000;">Aubin Nestor Loumouamou <b>(Congo)&nbsp;</b></span></p>
<p><span style="color: #000000;"><!-- /wp:paragraph --><!-- wp:paragraph --></span></p>
<p><span style="color: #000000;">Jean-Claude Sallaberry <b>(France)</b></span></p>
<p><span style="color: #000000;"><!-- /wp:paragraph --><!-- wp:paragraph --></span></p>
<p></p>
<p><span style="color: #000000;"><!-- /wp:paragraph --><!-- wp:heading --></span></p>
<h2><span style="color: #000000;"><strong>Les membres de droit (anciens présidents de l’AFIRSE)</strong></span></h2>
<p><span style="color: #000000;"><!-- /wp:heading --><!-- wp:paragraph --></span></p>
<p><span style="color: #000000;">Guy Berger <b>(ancien président &#8211; membre de la section française)&nbsp;</b></span></p>
<p><span style="color: #000000;"><!-- /wp:paragraph --><!-- wp:paragraph --></span></p>
<p><span style="color: #000000;">Patrick Boumard <b>(ancien président)</b></span></p>
<p><span style="color: #000000;"><!-- /wp:paragraph --><!-- wp:paragraph --></span></p>
<p><span style="color: #000000;">Louis Marmoz <b>(ancien président)</b></span></p>
<p><!-- /wp:paragraph --></p>						</div>
				</div>
					</div>
		</div>
							</div>
		</section>
							</div>

<p>Membres du CA de l’AFIRSE élus et membres de droit Les membres élus (AGE mars 2021) Véronique Attias-Delattre (France – Présidente) Marilene Corrêa Da Silva Freitas (Brésil – Co-Présidente) Georges Nahas (Liban – Vice–président) Antonio Alanis Huerta (Mexique – Secrétaire général) Louis Marmoz (France &#8211; Président d’honneur) Catherine Nafti (France – Trésorière) Djenabou Baldé (Guinée [&hellip;]</p>
