{"id":47,"date":"2022-01-20T16:05:16","date_gmt":"2022-01-20T15:05:16","guid":{"rendered":"http:\/\/www.afirse-international.com\/?page_id=47"},"modified":"2022-07-26T17:07:10","modified_gmt":"2022-07-26T15:07:10","slug":"activites-scientifiques","status":"publish","type":"page","link":"https:\/\/www.afirse-international.com\/index.php\/association-francophone-et-internationale-de-recherche-scientifique-en-education\/activites-scientifiques\/","title":{"rendered":"Activit\u00e9s 2022 annonc\u00e9es"},"content":{"rendered":"\t\t<div data-elementor-type=\"wp-page\" data-elementor-id=\"47\" class=\"elementor elementor-47\">\n\t\t\t\t\t\t\t\t\t<section class=\"elementor-section elementor-top-section elementor-element elementor-element-4fbb791b elementor-section-boxed elementor-section-height-default elementor-section-height-default\" data-id=\"4fbb791b\" data-element_type=\"section\">\n\t\t\t\t\t\t<div class=\"elementor-container elementor-column-gap-default\">\n\t\t\t\t\t<div class=\"elementor-column elementor-col-100 elementor-top-column elementor-element elementor-element-79bbf497\" data-id=\"79bbf497\" data-element_type=\"column\">\n\t\t\t<div class=\"elementor-widget-wrap elementor-element-populated\">\n\t\t\t\t\t\t\t\t<div class=\"elementor-element elementor-element-3516657a elementor-widget elementor-widget-text-editor\" data-id=\"3516657a\" data-element_type=\"widget\" data-widget_type=\"text-editor.default\">\n\t\t\t\t<div class=\"elementor-widget-container\">\n\t\t\t<style>\/*! elementor - v3.7.4 - 31-08-2022 *\/\n.elementor-widget-text-editor.elementor-drop-cap-view-stacked .elementor-drop-cap{background-color:#818a91;color:#fff}.elementor-widget-text-editor.elementor-drop-cap-view-framed .elementor-drop-cap{color:#818a91;border:3px solid;background-color:transparent}.elementor-widget-text-editor:not(.elementor-drop-cap-view-default) .elementor-drop-cap{margin-top:8px}.elementor-widget-text-editor:not(.elementor-drop-cap-view-default) .elementor-drop-cap-letter{width:1em;height:1em}.elementor-widget-text-editor .elementor-drop-cap{float:left;text-align:center;line-height:1;font-size:50px}.elementor-widget-text-editor .elementor-drop-cap-letter{display:inline-block}<\/style>\t\t\t\t<p><!-- wp:paragraph --><\/p>\n<p><span style=\"color: #000000;\"><!-- \/wp:paragraph --><!-- wp:media-text {\"mediaId\":48,\"mediaLink\":\"https:\/\/www.afirse-international.com\/?attachment_id=48\",\"mediaType\":\"image\",\"mediaWidth\":26} --><\/span><\/p>\n<div class=\"wp-block-media-text alignwide is-stacked-on-mobile\" style=\"grid-template-columns: 26% auto;\">\n<figure class=\"wp-block-media-text__media\"><span style=\"color: #000000;\"><img loading=\"lazy\" width=\"275\" height=\"183\" class=\"wp-image-48 size-full\" src=\"https:\/\/www.afirse-international.com\/wp-content\/uploads\/2022\/01\/drapeau-portugal-2.jpeg\" alt=\"\" \/><\/span><\/figure>\n<div class=\"wp-block-media-text__content\">\n<p><span style=\"color: #000000;\"><!-- wp:paragraph --><\/span><\/p>\n<h1><strong><span style=\"color: #000000;\">F\u00e9vrier 2022<\/span><\/strong><\/h1>\n<h5><span style=\"color: #000000;\"><small><a style=\"color: #000000;\" href=\"https:\/\/sites.google.com\/d\/1ia76_0vlPo3JLXn98s0UFDrrz4cazvlv\/p\/1LCHlxYTAkRZLuznAEMDaroonR2qoUACN\/edit\">Colloque national\u00a0<\/a>(section du Portugal)<\/small><\/span><\/h5>\n<h5><span style=\"color: #000000;\"><!-- \/wp:paragraph --><!-- wp:paragraph --><\/span><\/h5>\n<em><span style=\"color: #000000;\">L&#8217;\u00e9ducation et les enjeux de la soci\u00e9t\u00e9 contemporaine<\/span><\/em>\n<p><span style=\"color: #000000;\"><!-- \/wp:paragraph --><!-- wp:paragraph --><\/span><span style=\"color: #000000;\"><!-- \/wp:paragraph --><\/span><\/p>\n<\/div>\n<\/div>\n<p><span style=\"color: #000000;\"><!-- \/wp:media-text --><!-- wp:media-text {\"mediaId\":49,\"mediaLink\":\"https:\/\/www.afirse-international.com\/?attachment_id=49\",\"mediaType\":\"image\",\"mediaWidth\":26} --><\/span><\/p>\n<div class=\"wp-block-media-text alignwide is-stacked-on-mobile\" style=\"grid-template-columns: 26% auto;\">\n<figure class=\"wp-block-media-text__media\"><span style=\"color: #000000;\"><img loading=\"lazy\" width=\"225\" height=\"158\" class=\"wp-image-49 size-full\" src=\"https:\/\/www.afirse-international.com\/wp-content\/uploads\/2022\/01\/drapeau-bresil-2.png\" alt=\"\" \/><\/span><\/figure>\n<div class=\"wp-block-media-text__content\">\n<h1><strong><span style=\"color: #000000;\">Aout 2022<\/span><\/strong><\/h1>\n<p><span style=\"color: #000000;\">Colloque international et national (section du Br\u00e9sil)<\/span><\/p>\n<p><span style=\"color: #000000;\"><small><em>Recherches et pratiques en \u00e9ducation : enjeux actuels<\/em><\/small><\/span><\/p>\n<\/div>\n<\/div>\n<div>\u00a0<\/div>\n<p><span style=\"color: #000000;\"><!-- \/wp:media-text --><!-- wp:list --><\/span><\/p>\n<ul>\n<li><span style=\"color: #000000;\">Congr\u00e8s<\/span><\/li>\n<li><span style=\"color: #000000;\">Colloques<\/span><\/li>\n<li><span style=\"color: #000000;\">S\u00e9minaires de Recherche<\/span><\/li>\n<li><span style=\"color: #000000;\">Journ\u00e9es d&#8217;\u00e9tude<\/span><\/li>\n<\/ul>\n<p><span style=\"color: #000000;\"><!-- \/wp:list --><!-- wp:heading --><\/span><\/p>\n<h2><span style=\"color: #000000;\">Les manifestations 2021-2022<\/span><\/h2>\n<p><!-- \/wp:heading --><!-- wp:paragraph --><\/p>\n<p><!-- \/wp:paragraph --><\/p>\t\t\t\t\t\t<\/div>\n\t\t\t\t<\/div>\n\t\t\t\t\t<\/div>\n\t\t<\/div>\n\t\t\t\t\t\t\t<\/div>\n\t\t<\/section>\n\t\t\t\t\t\t\t<\/div>\n\t\t","protected":false},"excerpt":{"rendered":"<p>F\u00e9vrier 2022 Colloque national\u00a0(section du Portugal) L&#8217;\u00e9ducation et les enjeux de la soci\u00e9t\u00e9 contemporaine Aout 2022 Colloque international et national (section du Br\u00e9sil) Recherches et pratiques en \u00e9ducation : enjeux actuels \u00a0 Congr\u00e8s Colloques S\u00e9minaires de Recherche Journ\u00e9es d&#8217;\u00e9tude Les manifestations 2021-2022<\/p>\n","protected":false},"author":1,"featured_media":0,"parent":9,"menu_order":3,"comment_status":"closed","ping_status":"closed","template":"","meta":[],"_links":{"self":[{"href":"https:\/\/www.afirse-international.com\/index.php\/wp-json\/wp\/v2\/pages\/47"}],"collection":[{"href":"https:\/\/www.afirse-international.com\/index.php\/wp-json\/wp\/v2\/pages"}],"about":[{"href":"https:\/\/www.afirse-international.com\/index.php\/wp-json\/wp\/v2\/types\/page"}],"author":[{"embeddable":true,"href":"https:\/\/www.afirse-international.com\/index.php\/wp-json\/wp\/v2\/users\/1"}],"replies":[{"embeddable":true,"href":"https:\/\/www.afirse-international.com\/index.php\/wp-json\/wp\/v2\/comments?post=47"}],"version-history":[{"count":10,"href":"https:\/\/www.afirse-international.com\/index.php\/wp-json\/wp\/v2\/pages\/47\/revisions"}],"predecessor-version":[{"id":604,"href":"https:\/\/www.afirse-international.com\/index.php\/wp-json\/wp\/v2\/pages\/47\/revisions\/604"}],"up":[{"embeddable":true,"href":"https:\/\/www.afirse-international.com\/index.php\/wp-json\/wp\/v2\/pages\/9"}],"wp:attachment":[{"href":"https:\/\/www.afirse-international.com\/index.php\/wp-json\/wp\/v2\/media?parent=47"}],"curies":[{"name":"wp","href":"https:\/\/api.w.org\/{rel}","templated":true}]}}